 s + 4 + (-2 - 1)?
1
Let t = 162 - -2400. What is the units digit of t?
2
Let w(s) = 133*s + 124. What is the units digit of w(5)?
9
Suppose 2*q + 2 = -5*a + 3*q, -2*a + 4 = -2*q. What is the tens digit of 69 - (-6 + (-3)/a)?
7
Suppose 7*u = 2 + 26. Suppose -g - 141 = -u*a, 3*a - 113 = -g - 16. What is the units digit of a?
4
Let s = 33 - -580. What is the tens digit of s?
1
Let o be -6*8/(-12) + 3. Suppose 0 = o*c - 3*c - 8. Suppose -p + 10 = 5*g, -7*p + c*p + 50 = -g. What is the units digit of p?
0
What is the thousands digit of (-21414)/(-12) - -6 - 15/(-10)?
1
Let c(a) = -a**3 - 9*a**2 - 9*a - 6. Suppose -3*k - 33 = -3*x, x = -0*x + 3*k + 3. Let i = -23 + x. What is the units digit of c(i)?
2
Let i(p) be the first derivative of 2*p**2 - 5 + 0*p**3 + 1/2*p**4 - 3*p. What is the tens digit of i(2)?
2
Let n be (10*-2)/(3/(-3)). Suppose 0 = m + n - 78. What is the tens digit of m?
5
Let o(n) = -4*n**2 + n + 1. Let g be o(-1). Let h be (-30)/(-15) + (1 - 2). What is the units digit of (h + 6)/(-3 - g)?
7
Suppose 155*k - 173*k + 18324 = 0. What is the hundreds digit of k?
0
Let a(o) = 5*o**3 - 2*o**2 + 2*o. Let x be a(1). Suppose -3*d = -x - 1. What is the units digit of d?
2
Let x(j) = j**2 + 3*j - 5. What is the units digit of x(6)?
9
Let h = -15 - -22. Suppose h*c = 168 + 427. What is the units digit of c?
5
Let r(d) = 3*d**2 + 20*d + 672. What is the units digit of r(0)?
2
Suppose -3*g + o - 2 = 1, -3 = -o. Suppose g = 8*n - 4*n + 5*l - 224, -l + 4 = 0. What is the units digit of n?
1
Suppose -2*i - i = -3*z + 54, -2*z = i + 3. Let o = -11 - i. Suppose -4*l - 2*t = -0*l - 98, 4*l - o*t - 78 = 0. What is the tens digit of l?
2
Suppose 2093 = 5*c - 957. What is the units digit of c?
0
Let t be ((-55)/20 - -2) + 2/(-8). What is the units digit of (-2 + 21)/(t - (-4)/3)?
7
Suppose -2*t = -3*s - 4495, 0 = -5*t - 0*s + 4*s + 11234. What is the tens digit of t?
4
Let y(w) = 21*w**2 + 10*w + 6. What is the tens digit of y(-4)?
0
Let l be (0 - 1) + -3 + 73. Let c = 124 - l. What is the tens digit of c?
5
Let t(a) = -a**2 + 7*a - 6. Let d be t(6). Suppose 0 = -d*b - 4*b + 28. Suppose 5*n + 5*m = -5, 5*m + 2 = -4*n - b. What is the units digit of n?
4
Suppose 0 = 3*b + 6 + 12. What is the tens digit of b/(-10) + 7154/35?
0
Let t = 89 - -293. What is the units digit of t?
2
Let j(p) = p + 0 + 35*p**2 + 0 + 1 - 2*p**2. Let o be j(-1). Suppose -o = -z - 5. What is the units digit of z?
8
Suppose -q + 0*q = 0. Suppose -x + 20 = -4*y, q = x + 3*y + y + 20. Suppose -3*a + 27 + 9 = x. What is the units digit of a?
2
Let r(p) = 2*p - 50. Let l be r(-12). Let k = l + 203. What is the tens digit of k?
2
Let f(r) = -r**3 + 14*r**2 - 9*r - 6. Let b(p) = -15*p**2 + 10*p + 6. Let k(h) = -4*b(h) - 5*f(h). What is the tens digit of k(4)?
8
Suppose -2 = -6*u + 5*u. Suppose -u*w + 8 = -4*w, 5*c - w - 9 = 0. What is the units digit of c/2*38/1?
9
Let a(m) = 66*m**2 - 17*m + 15. What is the thousands digit of a(7)?
3
Let d = -1626 + 2966. What is the hundreds digit of d?
3
Let c = 2649 - -1880. What is the hundreds digit of c?
5
Let v be (-4)/((10/4)/(-5)). Suppose 36 = -v*i + 2*i. Let g = i + 30. What is the units digit of g?
4
What is the units digit of 84/196 + (25149/7)/3?
8
Suppose j - 538 - 33 = 0. What is the units digit of j?
1
Let v(q) = -1. Suppose -5*f = 2*p + 7, -28 = -p - 3*p + 4*f. Let g(m) = -8*m**2 - 2*m - 3. Let i(z) = p*v(z) - g(z). What is the units digit of i(2)?
5
Let n = -344 - -133. Let p = -141 - n. Suppose -248 = -4*z - 0*z - 4*r, z - r - p = 0. What is the units digit of z?
6
Let u(l) = l**3 + l**2 - l + 1. Let v(j) = -4*j**2 - 43*j + 10*j**2 - 6*j**3 - 2 + 34*j. Let p(x) = -5*u(x) - v(x). What is the tens digit of p(10)?
3
Let s = -1662 - -2919. What is the tens digit of s?
5
Let b(c) = 2*c**2 + 0 + 0*c - 2 - 3*c**3 - c. Let d be b(-1). Suppose d*m + 0*m = 136. What is the tens digit of m?
3
Let a = 5139 + -3170. What is the tens digit of a?
6
Suppose 21*r = 19*r - 160. Let a = r - -229. What is the tens digit of a?
4
Let c(o) = -o**3 - 8*o**2 - 6*o - 6. Let u be c(-7). Let p = u - -15. Suppose -7*m = -p*m - 135. What is the tens digit of m?
2
Let z(y) = 11*y**2 + 9*y + 23. Let p(r) = 5*r**2 + 4*r + 11. Let u(a) = 9*p(a) - 4*z(a). What is the tens digit of u(6)?
4
Let v = -982 + 5425. What is the hundreds digit of v?
4
Suppose 3*h + 1500 = 5*t, t - 5*h + 13 = 313. Suppose 0 = -0*q - 3*q + t. Suppose -2*w - 6 = 5*x - 19, 0 = -5*w + x + q. What is the tens digit of w?
1
Suppose 2*r + 88 = -0*r. Let a be (2 + r/12)*-3. What is the units digit of (0 - -1)*(a - 1)?
4
Suppose -23 + 13 = -2*i. Suppose -20 = -i*k + 5. Suppose -20 = -4*b - p - 4, 0 = k*b + 3*p - 27. What is the units digit of b?
3
Let r = 57 + -53. Suppose 0 = 4*t - t - 6. Suppose -g + t*g = r. What is the units digit of g?
4
Suppose 0 = -4*q + 2*q + 2. Let x(d) = 2*d**2 + 1. What is the units digit of x(q)?
3
Let i = -4643 - -8808. What is the hundreds digit of i?
1
Let b(f) = f**2 + 15*f + 4. Let t be b(-15). Suppose 64 = n + 3*i, 4*i - 22 = -t*n + 242. Let d = -34 + n. What is the units digit of d?
3
Let o be ((-1)/2)/((-7)/56). Suppose -o*j = 3*j - 1512. What is the units digit of j?
6
Let o = -530 - -922. What is the units digit of o?
2
Suppose q = -3*o + 53, 6*q - q = 2*o - 41. Suppose -o = -k - 4. What is the tens digit of k?
1
Let m(r) = -4*r**3 + 2*r**2 + 2*r - 3. Let p be m(2). Let o = -16 - p. What is the units digit of o?
7
Let b(d) = -d**3 - 22*d**2 - 45*d - 63. What is the units digit of b(-20)?
7
Let y(s) = -780*s - 38. What is the tens digit of y(-2)?
2
Suppose -10 = 5*h, -18 + 6 = 3*s + 3*h. Let t be 12 + -1 + 1 - s. What is the units digit of (-48)/(-5) + t/35?
0
Suppose -2*b + 1 = -9. Suppose b*o - 9 - 1 = 0. Suppose -o*c + 2*g + 160 = 0, -2*g - 2 = -0. What is the units digit of c?
9
Let l(f) = -9*f - 14. Let y be 7*(-10)/(-105)*-9. What is the tens digit of l(y)?
4
Suppose -r + 15 = -4*i - 3, 5*i + 20 = 0. Suppose -r*x - 2*a + 916 = 3*x, 3*x = -2*a + 548. What is the units digit of x?
4
Let v = 10 + -8. Suppose h = v*z - 54, -4*h + 3*h + 5*z - 69 = 0. Let a = h - -62. What is the tens digit of a?
1
Let d(m) = -2*m**2 + 5*m - 10. Let b be d(6). Let x = 3 - b. What is the units digit of x?
5
Let f(x) = -226*x - 840. What is the tens digit of f(-15)?
5
Let c(h) = 80*h + 141. What is the units digit of c(6)?
1
Suppose 5*p + 2*m = 78, 0*m - 5*m = -5*p + 85. Suppose 3*i - 5*b - 6 = -4, b = -2*i - p. Let n = i - -26. What is the tens digit of n?
2
Let c be (0/(-2))/(-1 + 2). Suppose c = 2*z - z + 12. Let u(n) = -n - 11. What is the units digit of u(z)?
1
Suppose -3126 = -8*w + 1106. What is the tens digit of w?
2
What is the units digit of 3/(30/3646) + 30/(-50)?
4
Suppose -2*p - 3*p = -5*x - 13535, 8121 = 3*p + 6*x. What is the tens digit of p?
0
Let s(n) = 289*n**2 + 5*n - 15. What is the thousands digit of s(2)?
1
Let v(c) = -2*c**3 - 34*c**2 - 9*c - 23. Let i be v(-17). Let n = i - 118. What is the tens digit of n?
1
Let g = 16 - 25. Let z(v) = -14*v + 13. What is the tens digit of z(g)?
3
Suppose 75 = l + 70. Suppose -l*s - q + 533 = 0, -3*s - 52 = 3*q - 367. What is the units digit of s?
7
Suppose -2*h = -b + 12, -5*b + 0*h - 4*h = -4. Suppose b*t = -t + 245. Suppose 0 = -4*l - 5*p + 179, 0*l = l - 3*p - t. What is the tens digit of l?
4
Let j = 961 - 661. What is the tens digit of j?
0
Let s = 1 + 8. Let t be ((-6)/s)/((-6)/63). Suppose 0 = -u + 5*x + 39, t*x - 3*x = u - 35. What is the tens digit of u?
1
Let d be 0 + -15*(-17)/3. What is the tens digit of (3 + d/(-25))*-240?
9
Let r(g) = 21*g - 163. What is the hundreds digit of r(14)?
1
Let g(u) = -u**3 + 27*u**2 + 66*u - 60. What is the hundreds digit of g(28)?
0
Let f be (8 - 4)/((-1)/7). Let v = f + 33. Suppose 4*b + v = 5*b. What is the units digit of b?
5
Suppose 3*i - 804 = -9*i. Let m = i + -61. What is the units digit of m?
6
Let y(u) = -279*u + 17. What is the tens digit of y(-2)?
7
Let c(w) = -6*w**3 - 2*w + 9. What is the hundreds digit of c(-3)?
1
Suppose -3*t + 2553 = 5*l - 730, 5 = 5*t. What is the hundreds digit of l?
6
Let t(r) = 74*r**2 - r - 1. Let l be t(-1). Let w = l + -37. Suppose 0 = 3*f - 4*f + w. What is the tens digit of f?
3
Suppose -2*k + 0*n + 28 = -4*n, -2*n = k + 6. Suppose 4*u 